{"id":635,"date":"2021-03-09T16:03:26","date_gmt":"2021-03-09T16:03:26","guid":{"rendered":"http:\/\/residences-du-bailli.ms.decms.eu\/nos-appartements\/appartement-jusqua-8-personnes\/"},"modified":"2025-01-28T09:50:18","modified_gmt":"2025-01-28T09:50:18","slug":"appartement-fur-bis-zu-8-personen","status":"publish","type":"page","link":"https:\/\/www.residence-lebaillidesuffren.com\/de\/wohnungen\/appartement-fur-bis-zu-8-personen\/","title":{"rendered":"APPARTEMENT F\u00dcR BIS ZU 8 PERSONEN"},"content":{"rendered":"","protected":false},"excerpt":{"rendered":"","protected":false},"author":8,"featured_media":0,"parent":629,"menu_order":60,"comment_status":"closed","ping_status":"closed","template":"template-single-room.php","meta":[],"class_list":["post-635","page","type-page","status-publish","hentry"],"yoast_head":"<!-- This site is optimized with the Yoast SEO plugin v26.9 - https:\/\/yoast.com\/product\/yoast-seo-wordpress\/ -->\n<title>Appartement R\u00e9sidence du Bailli f\u00fcr bis zu 8 Personen<\/title>\n<meta name=\"description\" content=\"Maisonette-Appartement f\u00fcr bis zu 8 Personen mit direktem Zugang zum Strand auf des R\u00e9sidence du Bailli\" \/>\n<meta name=\"robots\" content=\"index, follow, max-snippet:-1, max-image-preview:large, max-video-preview:-1\" \/>\n<link rel=\"canonical\" href=\"https:\/\/www.residence-lebaillidesuffren.com\/de\/wohnungen\/appartement-fur-bis-zu-8-personen\/\" \/>\n<meta property=\"og:locale\" content=\"de_DE\" \/>\n<meta property=\"og:type\" content=\"article\" \/>\n<meta property=\"og:title\" content=\"Appartement R\u00e9sidence du Bailli f\u00fcr bis zu 8 Personen\" \/>\n<meta property=\"og:description\" content=\"Maisonette-Appartement f\u00fcr bis zu 8 Personen mit direktem Zugang zum Strand auf des R\u00e9sidence du Bailli\" \/>\n<meta property=\"og:url\" content=\"https:\/\/www.residence-lebaillidesuffren.com\/de\/wohnungen\/appartement-fur-bis-zu-8-personen\/\" \/>\n<meta property=\"og:site_name\" content=\"R\u00e9sidences du Bailli\" \/>\n<meta property=\"article:publisher\" content=\"https:\/\/www.facebook.com\/la.residence.du.bailli\/\" \/>\n<meta property=\"article:modified_time\" content=\"2025-01-28T09:50:18+00:00\" \/>\n<meta name=\"twitter:card\" content=\"summary_large_image\" \/>\n<script type=\"application\/ld+json\" class=\"yoast-schema-graph\">{\"@context\":\"https:\/\/schema.org\",\"@graph\":[{\"@type\":\"WebPage\",\"@id\":\"https:\/\/www.residence-lebaillidesuffren.com\/de\/wohnungen\/appartement-fur-bis-zu-8-personen\/\",\"url\":\"https:\/\/www.residence-lebaillidesuffren.com\/de\/wohnungen\/appartement-fur-bis-zu-8-personen\/\",\"name\":\"Appartement R\u00e9sidence du Bailli f\u00fcr bis zu 8 Personen\",\"isPartOf\":{\"@id\":\"https:\/\/www.residence-lebaillidesuffren.com\/de\/#website\"},\"datePublished\":\"2021-03-09T16:03:26+00:00\",\"dateModified\":\"2025-01-28T09:50:18+00:00\",\"description\":\"Maisonette-Appartement f\u00fcr bis zu 8 Personen mit direktem Zugang zum Strand auf des R\u00e9sidence du Bailli\",\"breadcrumb\":{\"@id\":\"https:\/\/www.residence-lebaillidesuffren.com\/de\/wohnungen\/appartement-fur-bis-zu-8-personen\/#breadcrumb\"},\"inLanguage\":\"de-DE\",\"potentialAction\":[{\"@type\":\"ReadAction\",\"target\":[\"https:\/\/www.residence-lebaillidesuffren.com\/de\/wohnungen\/appartement-fur-bis-zu-8-personen\/\"]}]},{\"@type\":\"BreadcrumbList\",\"@id\":\"https:\/\/www.residence-lebaillidesuffren.com\/de\/wohnungen\/appartement-fur-bis-zu-8-personen\/#breadcrumb\",\"itemListElement\":[{\"@type\":\"ListItem\",\"position\":1,\"name\":\"Home\",\"item\":\"https:\/\/www.residence-lebaillidesuffren.com\/de\/\"},{\"@type\":\"ListItem\",\"position\":2,\"name\":\"DIE WOHNUNGEN\",\"item\":\"https:\/\/www.residence-lebaillidesuffren.com\/de\/wohnungen\/\"},{\"@type\":\"ListItem\",\"position\":3,\"name\":\"APPARTEMENT F\u00dcR BIS ZU 8 PERSONEN\"}]},{\"@type\":\"WebSite\",\"@id\":\"https:\/\/www.residence-lebaillidesuffren.com\/de\/#website\",\"url\":\"https:\/\/www.residence-lebaillidesuffren.com\/de\/\",\"name\":\"R\u00e9sidences du Bailli\",\"description\":\"\",\"publisher\":{\"@id\":\"https:\/\/www.residence-lebaillidesuffren.com\/de\/#organization\"},\"potentialAction\":[{\"@type\":\"SearchAction\",\"target\":{\"@type\":\"EntryPoint\",\"urlTemplate\":\"https:\/\/www.residence-lebaillidesuffren.com\/de\/?s={search_term_string}\"},\"query-input\":{\"@type\":\"PropertyValueSpecification\",\"valueRequired\":true,\"valueName\":\"search_term_string\"}}],\"inLanguage\":\"de-DE\"},{\"@type\":\"Organization\",\"@id\":\"https:\/\/www.residence-lebaillidesuffren.com\/de\/#organization\",\"name\":\"La R\u00e9sidence du Bailli\",\"url\":\"https:\/\/www.residence-lebaillidesuffren.com\/de\/\",\"logo\":{\"@type\":\"ImageObject\",\"inLanguage\":\"de-DE\",\"@id\":\"https:\/\/www.residence-lebaillidesuffren.com\/de\/#\/schema\/logo\/image\/\",\"url\":\"https:\/\/www.residence-lebaillidesuffren.com\/wp-content\/uploads\/sites\/261\/2021\/03\/BAILLI.LA_.RESIDENCE.LOGO_.png\",\"contentUrl\":\"https:\/\/www.residence-lebaillidesuffren.com\/wp-content\/uploads\/sites\/261\/2021\/03\/BAILLI.LA_.RESIDENCE.LOGO_.png\",\"width\":1503,\"height\":2383,\"caption\":\"La R\u00e9sidence du Bailli\"},\"image\":{\"@id\":\"https:\/\/www.residence-lebaillidesuffren.com\/de\/#\/schema\/logo\/image\/\"},\"sameAs\":[\"https:\/\/www.facebook.com\/la.residence.du.bailli\/\",\"https:\/\/www.instagram.com\/laresidencedubailli\/\"]}]}<\/script>\n<!-- \/ Yoast SEO plugin. -->","yoast_head_json":{"title":"Appartement R\u00e9sidence du Bailli f\u00fcr bis zu 8 Personen","description":"Maisonette-Appartement f\u00fcr bis zu 8 Personen mit direktem Zugang zum Strand auf des R\u00e9sidence du Bailli","robots":{"index":"index","follow":"follow","max-snippet":"max-snippet:-1","max-image-preview":"max-image-preview:large","max-video-preview":"max-video-preview:-1"},"canonical":"https:\/\/www.residence-lebaillidesuffren.com\/de\/wohnungen\/appartement-fur-bis-zu-8-personen\/","og_locale":"de_DE","og_type":"article","og_title":"Appartement R\u00e9sidence du Bailli f\u00fcr bis zu 8 Personen","og_description":"Maisonette-Appartement f\u00fcr bis zu 8 Personen mit direktem Zugang zum Strand auf des R\u00e9sidence du Bailli","og_url":"https:\/\/www.residence-lebaillidesuffren.com\/de\/wohnungen\/appartement-fur-bis-zu-8-personen\/","og_site_name":"R\u00e9sidences du Bailli","article_publisher":"https:\/\/www.facebook.com\/la.residence.du.bailli\/","article_modified_time":"2025-01-28T09:50:18+00:00","twitter_card":"summary_large_image","schema":{"@context":"https:\/\/schema.org","@graph":[{"@type":"WebPage","@id":"https:\/\/www.residence-lebaillidesuffren.com\/de\/wohnungen\/appartement-fur-bis-zu-8-personen\/","url":"https:\/\/www.residence-lebaillidesuffren.com\/de\/wohnungen\/appartement-fur-bis-zu-8-personen\/","name":"Appartement R\u00e9sidence du Bailli f\u00fcr bis zu 8 Personen","isPartOf":{"@id":"https:\/\/www.residence-lebaillidesuffren.com\/de\/#website"},"datePublished":"2021-03-09T16:03:26+00:00","dateModified":"2025-01-28T09:50:18+00:00","description":"Maisonette-Appartement f\u00fcr bis zu 8 Personen mit direktem Zugang zum Strand auf des R\u00e9sidence du Bailli","breadcrumb":{"@id":"https:\/\/www.residence-lebaillidesuffren.com\/de\/wohnungen\/appartement-fur-bis-zu-8-personen\/#breadcrumb"},"inLanguage":"de-DE","potentialAction":[{"@type":"ReadAction","target":["https:\/\/www.residence-lebaillidesuffren.com\/de\/wohnungen\/appartement-fur-bis-zu-8-personen\/"]}]},{"@type":"BreadcrumbList","@id":"https:\/\/www.residence-lebaillidesuffren.com\/de\/wohnungen\/appartement-fur-bis-zu-8-personen\/#breadcrumb","itemListElement":[{"@type":"ListItem","position":1,"name":"Home","item":"https:\/\/www.residence-lebaillidesuffren.com\/de\/"},{"@type":"ListItem","position":2,"name":"DIE WOHNUNGEN","item":"https:\/\/www.residence-lebaillidesuffren.com\/de\/wohnungen\/"},{"@type":"ListItem","position":3,"name":"APPARTEMENT F\u00dcR BIS ZU 8 PERSONEN"}]},{"@type":"WebSite","@id":"https:\/\/www.residence-lebaillidesuffren.com\/de\/#website","url":"https:\/\/www.residence-lebaillidesuffren.com\/de\/","name":"R\u00e9sidences du Bailli","description":"","publisher":{"@id":"https:\/\/www.residence-lebaillidesuffren.com\/de\/#organization"},"potentialAction":[{"@type":"SearchAction","target":{"@type":"EntryPoint","urlTemplate":"https:\/\/www.residence-lebaillidesuffren.com\/de\/?s={search_term_string}"},"query-input":{"@type":"PropertyValueSpecification","valueRequired":true,"valueName":"search_term_string"}}],"inLanguage":"de-DE"},{"@type":"Organization","@id":"https:\/\/www.residence-lebaillidesuffren.com\/de\/#organization","name":"La R\u00e9sidence du Bailli","url":"https:\/\/www.residence-lebaillidesuffren.com\/de\/","logo":{"@type":"ImageObject","inLanguage":"de-DE","@id":"https:\/\/www.residence-lebaillidesuffren.com\/de\/#\/schema\/logo\/image\/","url":"https:\/\/www.residence-lebaillidesuffren.com\/wp-content\/uploads\/sites\/261\/2021\/03\/BAILLI.LA_.RESIDENCE.LOGO_.png","contentUrl":"https:\/\/www.residence-lebaillidesuffren.com\/wp-content\/uploads\/sites\/261\/2021\/03\/BAILLI.LA_.RESIDENCE.LOGO_.png","width":1503,"height":2383,"caption":"La R\u00e9sidence du Bailli"},"image":{"@id":"https:\/\/www.residence-lebaillidesuffren.com\/de\/#\/schema\/logo\/image\/"},"sameAs":["https:\/\/www.facebook.com\/la.residence.du.bailli\/","https:\/\/www.instagram.com\/laresidencedubailli\/"]}]}},"acf":[],"_links":{"self":[{"href":"https:\/\/www.residence-lebaillidesuffren.com\/de\/wp-json\/wp\/v2\/pages\/635","targetHints":{"allow":["GET"]}}],"collection":[{"href":"https:\/\/www.residence-lebaillidesuffren.com\/de\/wp-json\/wp\/v2\/pages"}],"about":[{"href":"https:\/\/www.residence-lebaillidesuffren.com\/de\/wp-json\/wp\/v2\/types\/page"}],"author":[{"embeddable":true,"href":"https:\/\/www.residence-lebaillidesuffren.com\/de\/wp-json\/wp\/v2\/users\/8"}],"replies":[{"embeddable":true,"href":"https:\/\/www.residence-lebaillidesuffren.com\/de\/wp-json\/wp\/v2\/comments?post=635"}],"version-history":[{"count":0,"href":"https:\/\/www.residence-lebaillidesuffren.com\/de\/wp-json\/wp\/v2\/pages\/635\/revisions"}],"up":[{"embeddable":true,"href":"https:\/\/www.residence-lebaillidesuffren.com\/de\/wp-json\/wp\/v2\/pages\/629"}],"wp:attachment":[{"href":"https:\/\/www.residence-lebaillidesuffren.com\/de\/wp-json\/wp\/v2\/media?parent=635"}],"curies":[{"name":"wp","href":"https:\/\/api.w.org\/{rel}","templated":true}]}}

APPARTEMENT FÜR BIS ZU 8 PERSONEN

<!-- This site is optimized with the Yoast SEO plugin v26.9 - https://yoast.com/product/yoast-seo-wordpress/ -->
<title>Appartement Résidence du Bailli für bis zu 8 Personen</title>
<meta name="description" content="Maisonette-Appartement für bis zu 8 Personen mit direktem Zugang zum Strand auf des Résidence du Bailli" />
<meta name="robots" content="index, follow, max-snippet:-1, max-image-preview:large, max-video-preview:-1" />
<link rel="canonical" href="https://www.residence-lebaillidesuffren.com/de/wohnungen/appartement-fur-bis-zu-8-personen/" />
<meta property="og:locale" content="de_DE" />
<meta property="og:type" content="article" />
<meta property="og:title" content="Appartement Résidence du Bailli für bis zu 8 Personen" />
<meta property="og:description" content="Maisonette-Appartement für bis zu 8 Personen mit direktem Zugang zum Strand auf des Résidence du Bailli" />
<meta property="og:url" content="https://www.residence-lebaillidesuffren.com/de/wohnungen/appartement-fur-bis-zu-8-personen/" />
<meta property="og:site_name" content="Résidences du Bailli" />
<meta property="article:publisher" content="https://www.facebook.com/la.residence.du.bailli/" />
<meta property="article:modified_time" content="2025-01-28T09:50:18+00:00" />
<meta name="twitter:card" content="summary_large_image" />
<script type="application/ld+json" class="yoast-schema-graph">{"@context":"https://schema.org","@graph":[{"@type":"WebPage","@id":"https://www.residence-lebaillidesuffren.com/de/wohnungen/appartement-fur-bis-zu-8-personen/","url":"https://www.residence-lebaillidesuffren.com/de/wohnungen/appartement-fur-bis-zu-8-personen/","name":"Appartement Résidence du Bailli für bis zu 8 Personen","isPartOf":{"@id":"https://www.residence-lebaillidesuffren.com/de/#website"},"datePublished":"2021-03-09T16:03:26+00:00","dateModified":"2025-01-28T09:50:18+00:00","description":"Maisonette-Appartement für bis zu 8 Personen mit direktem Zugang zum Strand auf des Résidence du Bailli","breadcrumb":{"@id":"https://www.residence-lebaillidesuffren.com/de/wohnungen/appartement-fur-bis-zu-8-personen/#breadcrumb"},"inLanguage":"de-DE","potentialAction":[{"@type":"ReadAction","target":["https://www.residence-lebaillidesuffren.com/de/wohnungen/appartement-fur-bis-zu-8-personen/"]}]},{"@type":"BreadcrumbList","@id":"https://www.residence-lebaillidesuffren.com/de/wohnungen/appartement-fur-bis-zu-8-personen/#breadcrumb","itemListElement":[{"@type":"ListItem","position":1,"name":"Home","item":"https://www.residence-lebaillidesuffren.com/de/"},{"@type":"ListItem","position":2,"name":"DIE WOHNUNGEN","item":"https://www.residence-lebaillidesuffren.com/de/wohnungen/"},{"@type":"ListItem","position":3,"name":"APPARTEMENT FÜR BIS ZU 8 PERSONEN"}]},{"@type":"WebSite","@id":"https://www.residence-lebaillidesuffren.com/de/#website","url":"https://www.residence-lebaillidesuffren.com/de/","name":"Résidences du Bailli","description":"","publisher":{"@id":"https://www.residence-lebaillidesuffren.com/de/#organization"},"potentialAction":[{"@type":"SearchAction","target":{"@type":"EntryPoint","urlTemplate":"https://www.residence-lebaillidesuffren.com/de/?s={search_term_string}"},"query-input":{"@type":"PropertyValueSpecification","valueRequired":true,"valueName":"search_term_string"}}],"inLanguage":"de-DE"},{"@type":"Organization","@id":"https://www.residence-lebaillidesuffren.com/de/#organization","name":"La Résidence du Bailli","url":"https://www.residence-lebaillidesuffren.com/de/","logo":{"@type":"ImageObject","inLanguage":"de-DE","@id":"https://www.residence-lebaillidesuffren.com/de/#/schema/logo/image/","url":"https://www.residence-lebaillidesuffren.com/wp-content/uploads/sites/261/2021/03/BAILLI.LA_.RESIDENCE.LOGO_.png","contentUrl":"https://www.residence-lebaillidesuffren.com/wp-content/uploads/sites/261/2021/03/BAILLI.LA_.RESIDENCE.LOGO_.png","width":1503,"height":2383,"caption":"La Résidence du Bailli"},"image":{"@id":"https://www.residence-lebaillidesuffren.com/de/#/schema/logo/image/"},"sameAs":["https://www.facebook.com/la.residence.du.bailli/","https://www.instagram.com/laresidencedubailli/"]}]}</script>
<!-- / Yoast SEO plugin. -->

Appartement Résidence du Bailli für bis zu 8 Personen

Maisonette-Appartement für bis zu 8 Personen mit direktem Zugang zum Strand auf des Résidence du Bailli

Résidences du Bailli

La Résidence du Bailli
